of 629566238 and 14.
14
Calculate the greatest common divisor of 2411651 and 140566.
1049
What is the greatest common factor of 1391872 and 12032?
256
What is the highest common divisor of 414 and 26792746?
46
Calculate the highest common divisor of 2798 and 150344.
2
Calculate the highest common factor of 655 and 48377645.
655
What is the greatest common factor of 4175 and 72600745?
835
What is the greatest common divisor of 33542 and 220187?
541
Calculate the highest common factor of 128 and 1502112.
32
What is the greatest common factor of 20665892 and 1130?
226
Calculate the greatest common factor of 1167920 and 4420.
260
Calculate the highest common factor of 428078 and 27188.
14
Calculate the greatest common divisor of 1671339 and 2684.
61
Calculate the greatest common divisor of 2889367 and 3952.
13
Calculate the highest common factor of 30150 and 25600.
50
What is the highest common factor of 520932 and 280?
4
Calculate the greatest common divisor of 19860 and 271455.
15
What is the greatest common divisor of 1264076 and 4851?
11
What is the greatest common factor of 330918 and 8802?
6
What is the highest common factor of 7856196 and 798?
114
What is the greatest common divisor of 272604 and 75?
3
What is the highest common factor of 4890 and 4581870?
30
Calculate the highest common divisor of 10766162 and 2024.
506
Calculate the greatest common factor of 65615009 and 3017.
431
Calculate the highest common divisor of 200 and 28326000.
200
Calculate the greatest common divisor of 7125 and 6282750.
375
What is the highest common factor of 1295532 and 105148?
388
What is the greatest common factor of 32445197 and 34?
17
Calculate the highest common divisor of 4545 and 875606370.
1515
What is the highest common divisor of 151 and 482097?
1
What is the highest common divisor of 23009724 and 14649?
771
Calculate the highest common divisor of 1989785 and 4641210.
4865
What is the highest common factor of 167940965 and 5846?
2923
Calculate the greatest common factor of 392502 and 13794.
1254
Calculate the greatest common factor of 140244 and 3672942.
2418
What is the highest common divisor of 425 and 53762075?
425
Calculate the highest common factor of 8 and 23969092.
4
What is the greatest common divisor of 295931 and 630365?
139
Calculate the greatest common divisor of 49162 and 1515280.
94
What is the greatest common factor of 1694932 and 74218?
1726
Calculate the greatest common divisor of 4314763 and 176259.
1433
What is the highest common divisor of 175602 and 20814?
6
Calculate the greatest common divisor of 85 and 50761745.
85
Calculate the greatest common divisor of 88566096 and 932.
932
Calculate the greatest common factor of 1084 and 16906.
2
Calculate the highest common factor of 142101 and 41634.
27
Calculate the greatest common divisor of 26043 and 16203.
3
What is the highest common factor of 494 and 91898573?
247
Calculate the greatest common divisor of 7119 and 30000822.
339
Calculate the highest common divisor of 158427390 and 27192.
6798
Calculate the greatest common divisor of 6254443 and 13.
13
What is the greatest common divisor of 60 and 1926580?
20
Calculate the greatest common divisor of 19276927 and 65977.
3881
What is the greatest common divisor of 489312 and 3312?
144
Calculate the highest common factor of 2048 and 11192432.
16
Calculate the greatest common factor of 22956 and 1263.
3
What is the greatest common factor of 6330 and 14400?
30
Calculate the greatest common factor of 33710292 and 8316.
2772
What is the greatest common factor of 5472 and 1552896?
288
Calculate the greatest common factor of 386526 and 2163.
21
Calculate the greatest common factor of 19096 and 288203993.
2387
What is the highest common factor of 123 and 822634291?
41
Calculate the highest common factor of 790 and 54109312.
158
Calculate the greatest common factor of 3 and 366284796.
3
What is the highest common factor of 726 and 669448714?
242
What is the highest common divisor of 1354 and 173271380?
1354
What is the highest common divisor of 21880552 and 2280?
152
What is the highest common factor of 210353 and 1092?
13
Calculate the highest common divisor of 261 and 1532447.
29
What is the greatest common factor of 81 and 406161?
27
Calculate the highest common factor of 2812 and 1467868218.
1406
Calculate the greatest common divisor of 436984172 and 14172.
4724
What is the greatest common factor of 252672 and 11400?
24
Calculate the highest common divisor of 29211 and 3980340.
273
What is the greatest common divisor of 124503 and 7064?
883
Calculate the highest common divisor of 67806 and 5346.
18
What is the highest common factor of 13338 and 468819?
117
Calculate the greatest common factor of 341274 and 828.
138
Calculate the greatest common divisor of 720223 and 1162.
7
What is the greatest common divisor of 416 and 5105958?
26
Calculate the highest common divisor of 102 and 21528222.
102
What is the greatest common divisor of 966220 and 4610?
10
Calculate the highest common factor of 31263015 and 29.
29
What is the highest common divisor of 21436 and 1772564?
92
Calculate the greatest common factor of 73215210 and 1150.
230
What is the greatest common divisor of 2600 and 862472?
104
What is the greatest common divisor of 240217894 and 196?
98
Calculate the highest common divisor of 10143 and 1351812.
147
Calculate the greatest common divisor of 242 and 1050218774.
242
What is the greatest common divisor of 115596 and 113724?
468
What is the highest common divisor of 64640528 and 32?
16
What is the highest common factor of 826 and 390800837?
413
Calculate the highest common factor of 27747441 and 1602.
801
Calculate the highest common divisor of 594803966 and 46.
46
What is the greatest common factor of 5216 and 4456094?
326
Calculate the greatest common factor of 5175 and 5304950.
575
What is the greatest common divisor of 1082078217 and 18?
9
What is the greatest common divisor of 3156037 and 253?
23
What is the greatest common factor of 249686 and 17161?
131
Calculate the highest common factor of 220199 and 127156.
83
Calculate the greatest common factor of 6109 and 176863.
149
What is the greatest common factor of 1394178 and 9?
3
What is the greatest common factor of 2709369 and 2821?
403
What is the highest common divisor of 120868 and 8763832?
1804
What is the highest common divisor of 26343 and 26802?
9
What is the greatest common factor of 21451379 and 17649?
1961
What is the highest common divisor of 62 and 32194399?
31
What is the highest common divisor of 4522 and 12477626?
238
Calculate the greatest common divisor of 4183 and 383413780.
4183
What is the highest common divisor of 102300 and 15591140?
620
What is the greatest common divisor of 6497641 and 53?
53
What is the greatest common divisor of 142347996 and 162?
54
What is the greatest common factor of 13122582 and 462?
66
Calculate the greatest common factor of 7651 and 243939019.
1093
What is the highest common factor of 3143 and 41398?
7
Calculate the highest common divisor of 21135534 and 186.
6
What is the highest common factor of 121 and 2275889?
121
Calculate the highest common factor of 89389 and 448862.
71
Calculate the highest common divisor of 8 and 645970.
2
Calculate the highest common factor of 1112980 and 314270.
110
What is the highest common divisor of 77 and 113395381?
11
What is the greatest common divisor of 671622 and 42?
42
What is the highest common divisor of 6600 and 164253100?
1100
Calculate the greatest common factor of 53682 and 1111314.
138
What is the highest common factor of 172 and 87814127?
43
What is the highest common divisor of 518 and 14064588?
74
Calculate the greatest common divisor of 5617 and 16008450.
5617
Calculate the greatest common divisor of 13409 and 499169.
253
What is the highest common factor of 78 and 722056192?
26
Calculate the greatest common divisor of 63245760 and 600.
120
Calculate the greatest common factor of 322525 and 771533.
133
Calculate the greatest common factor of 43358 and 263734.
326
What is the highest common divisor of 167475 and 93225?
825
Calculate the greatest common factor of 143 and 19338033.
143
What is the highest common factor of 37496052 and 9900?
396
What is the greatest common divi